Last updated on 2025-07-19 22:50:28 CEST.
Flavor | Version | Tinstall | Tcheck | Ttotal | Status | Flags |
---|---|---|---|---|---|---|
r-devel-linux-x86_64-debian-clang | 0.8-1 | 6.74 | 57.91 | 64.65 | NOTE | |
r-devel-linux-x86_64-debian-gcc | 0.8-1 | 5.30 | 42.71 | 48.01 | NOTE | |
r-devel-linux-x86_64-fedora-clang | 0.8-1 | 100.00 | OK | |||
r-devel-linux-x86_64-fedora-gcc | 0.8-1 | 108.85 | OK | |||
r-devel-windows-x86_64 | 0.8-1 | 12.00 | 77.00 | 89.00 | OK | |
r-patched-linux-x86_64 | 0.8-1 | 5.93 | 52.23 | 58.16 | OK | |
r-release-linux-x86_64 | 0.8-1 | 5.14 | 52.75 | 57.89 | OK | |
r-release-macos-arm64 | 0.8-1 | 40.00 | OK | |||
r-release-macos-x86_64 | 0.8-1 | 74.00 | OK | |||
r-release-windows-x86_64 | 0.8-1 | 13.00 | 77.00 | 90.00 | OK | |
r-oldrel-macos-arm64 | 0.8-1 | 42.00 | OK | |||
r-oldrel-macos-x86_64 | 0.8-1 | 89.00 | OK | |||
r-oldrel-windows-x86_64 | 0.8-1 | 14.00 | 92.00 | 106.00 | OK |
Version: 0.8-1
Check: CRAN incoming feasibility
Result: NOTE
Maintainer: ‘Frederic Bertrand <frederic.bertrand@utt.fr>’
Package CITATION file contains call(s) to old-style personList() or
as.personList(). Please use c() on person objects instead.
Package CITATION file contains call(s) to old-style citEntry(). Please
use bibentry() instead.
Flavors: r-devel-linux-x86_64-debian-clang, r-devel-linux-x86_64-debian-gcc