Last updated on 2025-07-17 19:51:44 CEST.
Flavor | Version | Tinstall | Tcheck | Ttotal | Status | Flags |
---|---|---|---|---|---|---|
r-devel-linux-x86_64-debian-clang | 1.2.1 | 5.62 | 86.27 | 91.89 | NOTE | |
r-devel-linux-x86_64-debian-gcc | 1.2.1 | 3.79 | 57.91 | 61.70 | NOTE | |
r-devel-linux-x86_64-fedora-clang | 1.2.1 | 139.37 | NOTE | |||
r-devel-linux-x86_64-fedora-gcc | 1.2.1 | 147.65 | NOTE | |||
r-devel-windows-x86_64 | 1.2.1 | 8.00 | 95.00 | 103.00 | NOTE | |
r-patched-linux-x86_64 | 1.2.1 | 6.64 | 79.69 | 86.33 | NOTE | |
r-release-linux-x86_64 | 1.2.1 | 5.51 | 78.02 | 83.53 | NOTE | |
r-release-macos-arm64 | 1.2.1 | 46.00 | NOTE | |||
r-release-macos-x86_64 | 1.2.1 | 95.00 | NOTE | |||
r-release-windows-x86_64 | 1.2.1 | 8.00 | 98.00 | 106.00 | NOTE | |
r-oldrel-macos-arm64 | 1.2.1 | 56.00 | NOTE | |||
r-oldrel-macos-x86_64 | 1.2.1 | 100.00 | NOTE | |||
r-oldrel-windows-x86_64 | 1.2.1 | 10.00 | 126.00 | 136.00 | NOTE |
Version: 1.2.1
Check: Rd files
Result: NOTE
checkRd: (-1) circ_dist.Rd:21: Lost braces; missing escapes or markup?
21 | The distance between two observations {i} and {j} of a circular variable {q}
| ^
checkRd: (-1) circ_dist.Rd:21: Lost braces; missing escapes or markup?
21 | The distance between two observations {i} and {j} of a circular variable {q}
| ^
checkRd: (-1) circ_dist.Rd:21: Lost braces; missing escapes or markup?
21 | The distance between two observations {i} and {j} of a circular variable {q}
| ^
Flavors: r-devel-linux-x86_64-debian-clang, r-devel-linux-x86_64-debian-gcc, r-devel-linux-x86_64-fedora-clang, r-devel-linux-x86_64-fedora-gcc, r-devel-windows-x86_64, r-patched-linux-x86_64, r-release-linux-x86_64, r-release-macos-arm64, r-release-macos-x86_64, r-release-windows-x86_64, r-oldrel-macos-arm64, r-oldrel-macos-x86_64, r-oldrel-windows-x86_64