Last updated on 2025-07-04 14:49:33 CEST.
Flavor | Version | Tinstall | Tcheck | Ttotal | Status | Flags |
---|---|---|---|---|---|---|
r-devel-linux-x86_64-debian-clang | 0.10.1 | 7.25 | 180.52 | 187.77 | OK | |
r-devel-linux-x86_64-debian-gcc | 0.10.1 | 4.94 | 123.09 | 128.03 | OK | |
r-devel-linux-x86_64-fedora-clang | 0.10.1 | 303.28 | OK | |||
r-devel-linux-x86_64-fedora-gcc | 0.10.1 | 293.70 | OK | |||
r-devel-windows-x86_64 | 0.10.1 | 9.00 | 145.00 | 154.00 | OK | |
r-patched-linux-x86_64 | 0.10.1 | 7.42 | 168.70 | 176.12 | OK | |
r-release-linux-x86_64 | 0.10.1 | 6.10 | 168.17 | 174.27 | OK | |
r-release-macos-arm64 | 0.10.1 | 59.00 | OK | |||
r-release-macos-x86_64 | 0.10.1 | 131.00 | OK | |||
r-release-windows-x86_64 | 0.10.1 | 10.00 | 144.00 | 154.00 | OK | |
r-oldrel-macos-arm64 | 0.10.1 | 65.00 | NOTE | |||
r-oldrel-macos-x86_64 | 0.10.1 | 144.00 | NOTE | |||
r-oldrel-windows-x86_64 | 0.10.1 | 11.00 | 198.00 | 209.00 | NOTE |
Version: 0.10.1
Check: package dependencies
Result: NOTE
Package suggested but not available for checking: ‘mlr3proba’
Flavors: r-oldrel-macos-arm64, r-oldrel-macos-x86_64, r-oldrel-windows-x86_64