Last updated on 2025-10-09 23:51:19 CEST.
Flavor | Version | Tinstall | Tcheck | Ttotal | Status | Flags |
---|---|---|---|---|---|---|
r-devel-linux-x86_64-debian-clang | 0.3.1 | 12.52 | 125.85 | 138.37 | OK | |
r-devel-linux-x86_64-debian-gcc | 0.3.1 | 10.55 | 91.20 | 101.75 | OK | |
r-devel-linux-x86_64-fedora-clang | 0.3.1 | 219.58 | OK | |||
r-devel-linux-x86_64-fedora-gcc | 0.3.1 | 215.77 | OK | |||
r-devel-windows-x86_64 | 0.3.1 | 15.00 | 117.00 | 132.00 | OK | |
r-patched-linux-x86_64 | 0.3.1 | 12.99 | 117.22 | 130.21 | OK | |
r-release-linux-x86_64 | 0.3.1 | 12.69 | 115.76 | 128.45 | OK | |
r-release-macos-arm64 | 0.3.1 | 56.00 | OK | |||
r-release-macos-x86_64 | 0.3.1 | 124.00 | OK | |||
r-release-windows-x86_64 | 0.3.1 | 17.00 | 117.00 | 134.00 | OK | |
r-oldrel-macos-arm64 | 0.3.1 | 53.00 | NOTE | |||
r-oldrel-macos-x86_64 | 0.3.1 | 91.00 | NOTE | |||
r-oldrel-windows-x86_64 | 0.3.1 | 22.00 | 155.00 | 177.00 | NOTE |
Version: 0.3.1
Check: package dependencies
Result: NOTE
Package suggested but not available for checking: ‘mlr3proba’
Flavors: r-oldrel-macos-arm64, r-oldrel-macos-x86_64, r-oldrel-windows-x86_64