Last updated on 2025-07-04 18:49:27 CEST.
Flavor | Version | Tinstall | Tcheck | Ttotal | Status | Flags |
---|---|---|---|---|---|---|
r-devel-linux-x86_64-debian-clang | 0.4.0 | 16.57 | 367.27 | 383.84 | OK | |
r-devel-linux-x86_64-debian-gcc | 0.4.0 | 9.78 | 249.75 | 259.53 | OK | |
r-devel-linux-x86_64-fedora-clang | 0.4.0 | 532.03 | OK | |||
r-devel-linux-x86_64-fedora-gcc | 0.4.0 | 504.59 | OK | |||
r-devel-windows-x86_64 | 0.4.0 | 16.00 | 272.00 | 288.00 | OK | |
r-patched-linux-x86_64 | 0.4.0 | 14.20 | 305.48 | 319.68 | OK | |
r-release-linux-x86_64 | 0.4.0 | 12.38 | 308.16 | 320.54 | OK | |
r-release-macos-arm64 | 0.3.2 | 156.00 | NOTE | |||
r-release-macos-x86_64 | 0.4.0 | 276.00 | OK | |||
r-release-windows-x86_64 | 0.4.0 | 15.00 | 275.00 | 290.00 | OK | |
r-oldrel-macos-arm64 | 0.3.2 | 137.00 | NOTE | |||
r-oldrel-macos-x86_64 | 0.4.0 | 261.00 | OK | |||
r-oldrel-windows-x86_64 | 0.4.0 | 20.00 | 398.00 | 418.00 | OK |
Version: 0.3.2
Check: Rd files
Result: NOTE
checkRd: (-1) groupdiff_tau.Rd:23: Lost braces
23 | \code{groupdiff_tau()} computes \eqn{min(x/y, y/x)}, i.e. the smallest symmetric ratio between \eqn{x} and eqn{y}
| ^
Flavors: r-release-macos-arm64, r-oldrel-macos-arm64