Last updated on 2025-07-05 13:48:29 CEST.
Flavor | Version | Tinstall | Tcheck | Ttotal | Status | Flags |
---|---|---|---|---|---|---|
r-devel-linux-x86_64-debian-clang | 2.1.2 | 76.42 | 39.02 | 115.44 | OK | |
r-devel-linux-x86_64-debian-gcc | 2.1.2 | 54.39 | 29.91 | 84.30 | OK | |
r-devel-linux-x86_64-fedora-clang | 2.1.2 | 192.89 | OK | |||
r-devel-linux-x86_64-fedora-gcc | 2.1.2 | 199.17 | OK | |||
r-devel-windows-x86_64 | 2.1.2 | 72.00 | 87.00 | 159.00 | OK | |
r-patched-linux-x86_64 | 2.1.2 | 76.04 | 36.75 | 112.79 | OK | |
r-release-linux-x86_64 | 2.1.2 | 70.86 | 37.78 | 108.64 | OK | |
r-release-macos-arm64 | 2.1.2 | 80.00 | OK | |||
r-release-macos-x86_64 | 2.1.2 | 135.00 | OK | |||
r-release-windows-x86_64 | 2.1.2 | 73.00 | 90.00 | 163.00 | OK | |
r-oldrel-macos-arm64 | 2.1.2 | 72.00 | NOTE | |||
r-oldrel-macos-x86_64 | 2.1.2 | 134.00 | NOTE | |||
r-oldrel-windows-x86_64 | 2.1.2 | 84.00 | 100.00 | 184.00 | OK |
Version: 2.1.2
Check: installed package size
Result: NOTE
installed size is 11.9Mb
sub-directories of 1Mb or more:
libs 11.6Mb
Flavors: r-oldrel-macos-arm64, r-oldrel-macos-x86_64