CRAN Package Check Results for Package mintyr

Last updated on 2025-10-10 09:50:35 CEST.

Flavor Version Tinstall Tcheck Ttotal Status Flags
r-devel-linux-x86_64-debian-clang 0.1.0 7.99 86.29 94.28 NOTE
r-devel-linux-x86_64-debian-gcc 0.1.0 5.71 61.13 66.84 NOTE
r-devel-linux-x86_64-fedora-clang 0.1.0 145.14 NOTE
r-devel-linux-x86_64-fedora-gcc 0.1.0 147.04 NOTE
r-devel-windows-x86_64 0.1.0 11.00 100.00 111.00 NOTE
r-patched-linux-x86_64 0.1.0 6.86 79.17 86.03 NOTE
r-release-linux-x86_64 0.1.0 7.02 81.25 88.27 NOTE
r-release-macos-arm64 0.1.0 50.00 NOTE
r-release-macos-x86_64 0.1.0 92.00 NOTE
r-release-windows-x86_64 0.1.0 11.00 102.00 113.00 NOTE
r-oldrel-macos-arm64 0.1.0 55.00 OK
r-oldrel-macos-x86_64 0.1.0 81.00 OK
r-oldrel-windows-x86_64 0.1.0 14.00 123.00 137.00 OK

Check Details

Version: 0.1.0
Check: DESCRIPTION meta-information
Result: NOTE Missing dependency on R >= 4.1.0 because package code uses the pipe |> or function shorthand \(...) syntax added in R 4.1.0. File(s) using such syntax: ‘convert_nest.Rd’ ‘nest_cv.R’ ‘top_perc.R’ ‘top_perc.Rd’ ‘w2l_split.Rd’ Flavors: r-devel-linux-x86_64-debian-clang, r-devel-linux-x86_64-debian-gcc, r-devel-linux-x86_64-fedora-clang, r-devel-linux-x86_64-fedora-gcc, r-devel-windows-x86_64, r-patched-linux-x86_64, r-release-linux-x86_64, r-release-macos-arm64, r-release-windows-x86_64

Version: 0.1.0
Check: DESCRIPTION meta-information
Result: NOTE Missing dependency on R >= 4.1.0 because package code uses the pipe |> or function shorthand \(...) syntax added in R 4.1.0. File(s) using such syntax: ‘nest_cv.R’ ‘top_perc.R’ Flavor: r-release-macos-x86_64