Last updated on 2025-07-04 15:48:36 CEST.
Flavor | Version | Tinstall | Tcheck | Ttotal | Status | Flags |
---|---|---|---|---|---|---|
r-devel-linux-x86_64-debian-clang | 1.1.0 | 20.60 | 751.38 | 771.98 | OK | |
r-devel-linux-x86_64-debian-gcc | 1.1.0 | 14.06 | 412.79 | 426.85 | OK | |
r-devel-linux-x86_64-fedora-clang | 1.1.0 | 1206.52 | NOTE | |||
r-devel-linux-x86_64-fedora-gcc | 1.1.0 | 1126.19 | NOTE | |||
r-devel-windows-x86_64 | 1.1.0 | 20.00 | 556.00 | 576.00 | OK | |
r-patched-linux-x86_64 | 1.1.0 | 21.17 | 709.81 | 730.98 | OK | |
r-release-linux-x86_64 | 1.1.0 | 20.40 | 700.20 | 720.60 | OK | |
r-release-macos-arm64 | 1.1.0 | 247.00 | OK | |||
r-release-macos-x86_64 | 1.1.0 | 407.00 | OK | |||
r-release-windows-x86_64 | 1.1.0 | 20.00 | 564.00 | 584.00 | OK | |
r-oldrel-macos-arm64 | 1.1.0 | 211.00 | OK | |||
r-oldrel-macos-x86_64 | 1.1.0 | 486.00 | OK | |||
r-oldrel-windows-x86_64 | 1.1.0 | 30.00 | 853.00 | 883.00 | OK |
Version: 1.1.0
Check: dependencies in R code
Result: NOTE
Namespace in Imports field not imported from: ‘pwr’
All declared Imports should be used.
Flavors: r-devel-linux-x86_64-fedora-clang, r-devel-linux-x86_64-fedora-gcc