Last updated on 2025-07-04 22:49:30 CEST.
Flavor | Version | Tinstall | Tcheck | Ttotal | Status | Flags |
---|---|---|---|---|---|---|
r-devel-linux-x86_64-debian-clang | 0.3 | 366.15 | 70.24 | 436.39 | OK | |
r-devel-linux-x86_64-debian-gcc | 0.3 | 263.93 | 53.22 | 317.15 | OK | |
r-devel-linux-x86_64-fedora-clang | 0.3 | 737.21 | OK | |||
r-devel-linux-x86_64-fedora-gcc | 0.3 | 856.24 | OK | |||
r-devel-windows-x86_64 | 0.3 | 373.00 | 119.00 | 492.00 | OK | |
r-patched-linux-x86_64 | 0.3 | 374.69 | 70.50 | 445.19 | OK | |
r-release-linux-x86_64 | 0.3 | 359.93 | 70.46 | 430.39 | OK | |
r-release-macos-arm64 | 0.3 | 152.00 | OK | |||
r-release-macos-x86_64 | 0.3 | 139.00 | OK | |||
r-release-windows-x86_64 | 0.3 | 379.00 | 121.00 | 500.00 | OK | |
r-oldrel-macos-arm64 | 0.3 | 138.00 | NOTE | |||
r-oldrel-macos-x86_64 | 0.3 | 121.00 | NOTE | |||
r-oldrel-windows-x86_64 | 0.3 | 436.00 | 145.00 | 581.00 | OK |
Version: 0.3
Check: installed package size
Result: NOTE
installed size is 20.4Mb
sub-directories of 1Mb or more:
libs 20.0Mb
Flavors: r-oldrel-macos-arm64, r-oldrel-macos-x86_64