CRAN Package Check Results for Package metaConvert

Last updated on 2025-07-10 07:49:15 CEST.

Flavor Version Tinstall Tcheck Ttotal Status Flags
r-devel-linux-x86_64-debian-clang 1.0.3 12.76 127.02 139.78 OK
r-devel-linux-x86_64-debian-gcc 1.0.3 8.52 81.47 89.99 OK
r-devel-linux-x86_64-fedora-clang 1.0.3 222.73 NOTE
r-devel-linux-x86_64-fedora-gcc 1.0.3 240.47 NOTE
r-devel-windows-x86_64 1.0.3 13.00 143.00 156.00 OK
r-patched-linux-x86_64 1.0.3 14.82 116.67 131.49 OK
r-release-linux-x86_64 1.0.3 10.85 116.41 127.26 OK
r-release-macos-arm64 1.0.3 58.00 OK
r-release-macos-x86_64 1.0.3 134.00 OK
r-release-windows-x86_64 1.0.3 13.00 146.00 159.00 OK
r-oldrel-macos-arm64 1.0.3 61.00 OK
r-oldrel-macos-x86_64 1.0.3 123.00 OK
r-oldrel-windows-x86_64 1.0.3 18.00 184.00 202.00 OK

Check Details

Version: 1.0.3
Check: dependencies in R code
Result: NOTE Namespace in Imports field not imported from: ‘mvtnorm’ All declared Imports should be used. Flavors: r-devel-linux-x86_64-fedora-clang, r-devel-linux-x86_64-fedora-gcc