Last updated on 2025-07-05 22:50:29 CEST.
Flavor | Version | Tinstall | Tcheck | Ttotal | Status | Flags |
---|---|---|---|---|---|---|
r-devel-linux-x86_64-debian-clang | 1.11.4 | 274.69 | 370.25 | 644.94 | OK | |
r-devel-linux-x86_64-debian-gcc | 1.11.4 | 216.45 | 266.72 | 483.17 | OK | |
r-devel-linux-x86_64-fedora-clang | 1.11.4 | 1160.56 | OK | |||
r-devel-linux-x86_64-fedora-gcc | 1.11.4 | 1215.96 | OK | |||
r-devel-windows-x86_64 | 1.11.4 | 254.00 | 582.00 | 836.00 | OK | |
r-patched-linux-x86_64 | 1.11.4 | 311.06 | 386.98 | 698.04 | OK | |
r-release-linux-x86_64 | 1.11.4 | 289.49 | 385.81 | 675.30 | OK | |
r-release-macos-arm64 | 1.11.4 | 328.00 | OK | |||
r-release-macos-x86_64 | 1.11.4 | 519.00 | OK | |||
r-release-windows-x86_64 | 1.11.4 | 253.00 | 594.00 | 847.00 | OK | |
r-oldrel-macos-arm64 | 1.11.4 | 336.00 | NOTE | |||
r-oldrel-macos-x86_64 | 1.11.4 | 695.00 | NOTE | |||
r-oldrel-windows-x86_64 | 1.11.4 | 314.00 | 669.00 | 983.00 | OK |
Version: 1.11.4
Check: installed package size
Result: NOTE
installed size is 155.5Mb
sub-directories of 1Mb or more:
libs 154.0Mb
Flavors: r-oldrel-macos-arm64, r-oldrel-macos-x86_64