Last updated on 2025-07-13 13:49:20 CEST.
Flavor | Version | Tinstall | Tcheck | Ttotal | Status | Flags |
---|---|---|---|---|---|---|
r-devel-linux-x86_64-debian-clang | 1.1.0 | 34.52 | 301.36 | 335.88 | OK | |
r-devel-linux-x86_64-debian-gcc | 1.1.0 | 21.61 | 191.34 | 212.95 | OK | |
r-devel-linux-x86_64-fedora-clang | 1.1.0 | 552.93 | OK | |||
r-devel-linux-x86_64-fedora-gcc | 1.1.0 | 541.05 | OK | |||
r-devel-windows-x86_64 | 1.1.0 | 31.00 | 227.00 | 258.00 | OK | |
r-patched-linux-x86_64 | 1.1.0 | 34.47 | 286.67 | 321.14 | OK | |
r-release-linux-x86_64 | 1.1.0 | 31.73 | 282.26 | 313.99 | OK | |
r-release-macos-arm64 | 1.1.0 | 99.00 | OK | |||
r-release-macos-x86_64 | 1.1.0 | 182.00 | OK | |||
r-release-windows-x86_64 | 1.1.0 | 30.00 | 240.00 | 270.00 | OK | |
r-oldrel-macos-arm64 | 1.1.0 | 143.00 | NOTE | |||
r-oldrel-macos-x86_64 | 1.1.0 | 214.00 | NOTE | |||
r-oldrel-windows-x86_64 | 1.1.0 | 46.00 | 321.00 | 367.00 | OK |
Version: 1.1.0
Check: package dependencies
Result: NOTE
Package suggested but not available for checking: ‘INLA’
Flavors: r-oldrel-macos-arm64, r-oldrel-macos-x86_64
Version: 1.1.0
Check: Rd cross-references
Result: NOTE
Package unavailable to check Rd xrefs: ‘INLA’
Flavors: r-oldrel-macos-arm64, r-oldrel-macos-x86_64