Last updated on 2025-10-09 20:50:21 CEST.
Flavor | Version | Tinstall | Tcheck | Ttotal | Status | Flags |
---|---|---|---|---|---|---|
r-devel-linux-x86_64-debian-clang | 1.0.0 | 9.18 | 131.02 | 140.20 | NOTE | |
r-devel-linux-x86_64-debian-gcc | 1.0.0 | 7.03 | 103.55 | 110.58 | NOTE | |
r-devel-linux-x86_64-fedora-clang | 1.0.1 | 217.73 | OK | |||
r-devel-linux-x86_64-fedora-gcc | 1.0.1 | 232.69 | OK | |||
r-devel-windows-x86_64 | 1.0.0 | 12.00 | 155.00 | 167.00 | NOTE | |
r-patched-linux-x86_64 | 1.0.0 | 10.92 | 125.49 | 136.41 | NOTE | |
r-release-linux-x86_64 | 1.0.0 | 9.57 | 124.66 | 134.23 | NOTE | |
r-release-macos-arm64 | 1.0.1 | 66.00 | OK | |||
r-release-macos-x86_64 | 1.0.1 | 141.00 | OK | |||
r-release-windows-x86_64 | 1.0.0 | 13.00 | 155.00 | 168.00 | NOTE | |
r-oldrel-macos-arm64 | 1.0.1 | 68.00 | OK | |||
r-oldrel-macos-x86_64 | 1.0.1 | 154.00 | OK | |||
r-oldrel-windows-x86_64 | 1.0.0 | 16.00 | 185.00 | 201.00 | OK |
Version: 1.0.0
Check: DESCRIPTION meta-information
Result: NOTE
Missing dependency on R >= 4.2.0 because package code uses the pipe
placeholder syntax added in R 4.2.0.
File(s) using such syntax:
‘latexMatrix.R’
Flavors: r-devel-linux-x86_64-debian-clang, r-devel-linux-x86_64-debian-gcc, r-devel-windows-x86_64, r-patched-linux-x86_64, r-release-linux-x86_64, r-release-windows-x86_64