Last updated on 2025-07-04 15:48:36 CEST.
Flavor | Version | Tinstall | Tcheck | Ttotal | Status | Flags |
---|---|---|---|---|---|---|
r-devel-linux-x86_64-debian-clang | 0.1.5.2 | 55.23 | 91.68 | 146.91 | NOTE | |
r-devel-linux-x86_64-debian-gcc | 0.1.5.2 | 40.92 | 72.35 | 113.27 | NOTE | |
r-devel-linux-x86_64-fedora-clang | 0.1.5.2 | 233.80 | OK | |||
r-devel-linux-x86_64-fedora-gcc | 0.1.5.2 | 233.16 | OK | |||
r-devel-windows-x86_64 | 0.1.5.2 | 56.00 | 118.00 | 174.00 | OK | |
r-patched-linux-x86_64 | 0.1.5.2 | 58.04 | 90.48 | 148.52 | OK | |
r-release-linux-x86_64 | 0.1.5.2 | 57.46 | 91.04 | 148.50 | OK | |
r-release-macos-arm64 | 0.1.5.2 | 61.00 | OK | |||
r-release-macos-x86_64 | 0.1.5.2 | 109.00 | OK | |||
r-release-windows-x86_64 | 0.1.5.2 | 58.00 | 117.00 | 175.00 | OK | |
r-oldrel-macos-arm64 | 0.1.5.2 | 56.00 | NOTE | |||
r-oldrel-macos-x86_64 | 0.1.5.2 | 111.00 | NOTE | |||
r-oldrel-windows-x86_64 | 0.1.5.2 | 70.00 | 141.00 | 211.00 | OK |
Version: 0.1.5.2
Check: CRAN incoming feasibility
Result: NOTE
Maintainer: ‘Kelly McConville <kmcconville@fas.harvard.edu>’
The Description field contains
(2017) <arXiv:1712.05708>. The variance estimators which approximate
Please refer to arXiv e-prints via their arXiv DOI <doi:10.48550/arXiv.YYMM.NNNNN>.
Flavors: r-devel-linux-x86_64-debian-clang, r-devel-linux-x86_64-debian-gcc
Version: 0.1.5.2
Check: installed package size
Result: NOTE
installed size is 18.9Mb
sub-directories of 1Mb or more:
libs 18.6Mb
Flavors: r-oldrel-macos-arm64, r-oldrel-macos-x86_64