Last updated on 2025-07-05 05:50:32 CEST.
Flavor | Version | Tinstall | Tcheck | Ttotal | Status | Flags |
---|---|---|---|---|---|---|
r-devel-linux-x86_64-debian-clang | 2.1.1 | 7.46 | 68.54 | 76.00 | NOTE | |
r-devel-linux-x86_64-debian-gcc | 2.1.1 | 5.75 | 53.66 | 59.41 | NOTE | |
r-devel-linux-x86_64-fedora-clang | 2.1.1 | 116.82 | OK | |||
r-devel-linux-x86_64-fedora-gcc | 2.1.1 | 111.62 | OK | |||
r-devel-windows-x86_64 | 2.1.1 | 9.00 | 81.00 | 90.00 | OK | |
r-patched-linux-x86_64 | 2.1.1 | 7.97 | 67.13 | 75.10 | OK | |
r-release-linux-x86_64 | 2.1.1 | 7.96 | 66.38 | 74.34 | OK | |
r-release-macos-arm64 | 2.1.1 | 38.00 | OK | |||
r-release-macos-x86_64 | 2.1.1 | 57.00 | OK | |||
r-release-windows-x86_64 | 2.1.1 | 10.00 | 83.00 | 93.00 | OK | |
r-oldrel-macos-arm64 | 2.1.1 | 38.00 | OK | |||
r-oldrel-macos-x86_64 | 2.1.1 | 72.00 | OK | |||
r-oldrel-windows-x86_64 | 2.1.1 | 11.00 | 103.00 | 114.00 | OK |
Version: 2.1.1
Check: CRAN incoming feasibility
Result: NOTE
Maintainer: ‘Andrey Paramonov <paramon@acdlabs.ru>’
No Authors@R field in DESCRIPTION.
Please add one, modifying
Authors@R: person(given = "Andrey",
family = "Paramonov",
role = c("aut", "cre"),
email = "paramon@acdlabs.ru")
as necessary.
Flavors: r-devel-linux-x86_64-debian-clang, r-devel-linux-x86_64-debian-gcc