Last updated on 2025-10-11 05:50:14 CEST.
Flavor | Version | Tinstall | Tcheck | Ttotal | Status | Flags |
---|---|---|---|---|---|---|
r-devel-linux-x86_64-debian-clang | 2.0.4 | 1.82 | 32.66 | 34.48 | NOTE | |
r-devel-linux-x86_64-debian-gcc | 2.0.4 | 2.02 | 26.72 | 28.74 | NOTE | |
r-devel-linux-x86_64-fedora-clang | 2.0.4 | 52.41 | NOTE | |||
r-devel-linux-x86_64-fedora-gcc | 2.0.4 | 65.03 | NOTE | |||
r-devel-windows-x86_64 | 2.0.4 | 8.00 | 54.00 | 62.00 | NOTE | |
r-patched-linux-x86_64 | 2.0.4 | 1.98 | 28.93 | 30.91 | NOTE | |
r-release-linux-x86_64 | 2.0.4 | 2.14 | 29.07 | 31.21 | NOTE | |
r-release-macos-arm64 | 2.0.4 | 105.00 | NOTE | |||
r-release-macos-x86_64 | 2.0.4 | 117.00 | NOTE | |||
r-release-windows-x86_64 | 2.0.4 | 9.00 | 61.00 | 70.00 | NOTE | |
r-oldrel-macos-arm64 | 2.0.4 | 94.00 | OK | |||
r-oldrel-macos-x86_64 | 2.0.4 | 116.00 | OK | |||
r-oldrel-windows-x86_64 | 2.0.4 | 8.00 | 63.00 | 71.00 | OK |
Version: 2.0.4
Check: compiled code
Result: NOTE
File ‘magrittr/libs/magrittr.so’:
Found non-API calls to R: ‘Rf_allocSExp’, ‘SET_PRCODE’, ‘SET_PRENV’,
‘SET_PRVALUE’
Compiled code should not call non-API entry points in R.
See ‘Writing portable packages’ in the ‘Writing R Extensions’ manual,
and section ‘Moving into C API compliance’ for issues with the use of
non-API entry points.
Flavors: r-devel-linux-x86_64-debian-clang, r-devel-linux-x86_64-debian-gcc, r-devel-linux-x86_64-fedora-clang, r-devel-linux-x86_64-fedora-gcc, r-patched-linux-x86_64, r-release-linux-x86_64, r-release-macos-arm64, r-release-macos-x86_64
Version: 2.0.4
Check: compiled code
Result: NOTE
File 'magrittr/libs/x64/magrittr.dll':
Found non-API calls to R: 'Rf_allocSExp', 'SET_PRCODE', 'SET_PRENV',
'SET_PRVALUE'
Compiled code should not call non-API entry points in R.
See 'Writing portable packages' in the 'Writing R Extensions' manual,
and section 'Moving into C API compliance' for issues with the use of
non-API entry points.
Flavors: r-devel-windows-x86_64, r-release-windows-x86_64