Last updated on 2025-07-03 21:48:51 CEST.
Flavor | Version | Tinstall | Tcheck | Ttotal | Status | Flags |
---|---|---|---|---|---|---|
r-devel-linux-x86_64-debian-clang | 2.8.7 | 76.16 | 139.11 | 215.27 | OK | |
r-devel-linux-x86_64-debian-gcc | 2.8.7 | 60.08 | 85.21 | 145.29 | OK | |
r-devel-linux-x86_64-fedora-clang | 2.8.7 | 338.20 | OK | |||
r-devel-linux-x86_64-fedora-gcc | 2.8.7 | 371.49 | OK | |||
r-devel-windows-x86_64 | 2.8.7 | 130.00 | 435.00 | 565.00 | OK | |
r-patched-linux-x86_64 | 2.8.7 | 81.49 | 121.70 | 203.19 | OK | |
r-release-linux-x86_64 | 2.8.7 | 79.16 | 122.88 | 202.04 | OK | |
r-release-macos-arm64 | 2.8.7 | 104.00 | OK | |||
r-release-macos-x86_64 | 2.8.7 | 192.00 | OK | |||
r-release-windows-x86_64 | 2.8.7 | 132.00 | 455.00 | 587.00 | OK | |
r-oldrel-macos-arm64 | 2.8.7 | 106.00 | NOTE | |||
r-oldrel-macos-x86_64 | 2.8.7 | 182.00 | NOTE | |||
r-oldrel-windows-x86_64 | 2.8.7 | 136.00 | 589.00 | 725.00 | NOTE |
Version: 2.8.7
Check: installed package size
Result: NOTE
installed size is 55.5Mb
sub-directories of 1Mb or more:
doc 6.3Mb
libs 48.5Mb
Flavors: r-oldrel-macos-arm64, r-oldrel-macos-x86_64, r-oldrel-windows-x86_64