CRAN Package Check Results for Package mLLMCelltype

Last updated on 2025-10-10 00:50:56 CEST.

Flavor Version Tinstall Tcheck Ttotal Status Flags
r-devel-linux-x86_64-debian-clang 1.3.2 16.06 62.38 78.44 OK
r-devel-linux-x86_64-debian-gcc 1.3.2 10.46 45.61 56.07 OK
r-devel-linux-x86_64-fedora-clang 1.3.2 124.64 OK
r-devel-linux-x86_64-fedora-gcc 1.3.2 134.54 OK
r-devel-windows-x86_64 1.3.2 18.00 86.00 104.00 OK
r-patched-linux-x86_64 1.3.2 15.85 58.15 74.00 OK
r-release-linux-x86_64 1.3.2 15.79 58.41 74.20 OK
r-release-macos-arm64 1.3.2 43.00 OK
r-release-macos-x86_64 1.3.2 97.00 OK
r-release-windows-x86_64 1.3.2 18.00 92.00 110.00 OK
r-oldrel-macos-arm64 1.3.2 47.00 NOTE
r-oldrel-macos-x86_64 1.3.2 97.00 NOTE
r-oldrel-windows-x86_64 1.3.2 25.00 105.00 130.00 ERROR

Check Details

Version: 1.3.2
Check: installed package size
Result: NOTE installed size is 5.7Mb sub-directories of 1Mb or more: doc 4.9Mb Flavors: r-oldrel-macos-arm64, r-oldrel-macos-x86_64, r-oldrel-windows-x86_64

Version: 1.3.2
Check: re-building of vignette outputs
Result: ERROR Error(s) in re-building vignettes: --- re-building 'getting-started.Rmd' using rmarkdown File ../man/figures/logo.png not found in resource path Error: processing vignette 'getting-started.Rmd' failed with diagnostics: pandoc document conversion failed with error 99 --- failed re-building 'getting-started.Rmd' --- re-building 'introduction.Rmd' using rmarkdown File ../man/figures/logo.png not found in resource path Error: processing vignette 'introduction.Rmd' failed with diagnostics: pandoc document conversion failed with error 99 --- failed re-building 'introduction.Rmd' --- re-building 'usage-tutorial.Rmd' using rmarkdown File ../man/figures/logo.png not found in resource path Error: processing vignette 'usage-tutorial.Rmd' failed with diagnostics: pandoc document conversion failed with error 99 --- failed re-building 'usage-tutorial.Rmd' --- re-building 'visualization-guide.Rmd' using rmarkdown --- finished re-building 'visualization-guide.Rmd' SUMMARY: processing the following files failed: 'getting-started.Rmd' 'introduction.Rmd' 'usage-tutorial.Rmd' Error: Vignette re-building failed. Execution halted Flavor: r-oldrel-windows-x86_64