Last updated on 2025-07-04 15:48:36 CEST.
Flavor | Version | Tinstall | Tcheck | Ttotal | Status | Flags |
---|---|---|---|---|---|---|
r-devel-linux-x86_64-debian-clang | 0.2.4 | 91.48 | 178.17 | 269.65 | OK | |
r-devel-linux-x86_64-debian-gcc | 0.2.4 | 64.30 | 116.83 | 181.13 | OK | |
r-devel-linux-x86_64-fedora-clang | 0.2.4 | 474.61 | OK | |||
r-devel-linux-x86_64-fedora-gcc | 0.2.4 | 430.15 | OK | |||
r-devel-windows-x86_64 | 0.2.4 | 101.00 | 272.00 | 373.00 | OK | |
r-patched-linux-x86_64 | 0.2.4 | 95.74 | 163.12 | 258.86 | OK | |
r-release-linux-x86_64 | 0.2.4 | 84.20 | 162.33 | 246.53 | OK | |
r-release-macos-arm64 | 0.2.4 | 196.00 | OK | |||
r-release-macos-x86_64 | 0.2.4 | 261.00 | OK | |||
r-release-windows-x86_64 | 0.2.4 | 106.00 | 279.00 | 385.00 | OK | |
r-oldrel-macos-arm64 | 0.2.4 | 152.00 | NOTE | |||
r-oldrel-macos-x86_64 | 0.2.4 | 259.00 | NOTE | |||
r-oldrel-windows-x86_64 | 0.2.4 | 122.00 | 366.00 | 488.00 | OK |
Version: 0.2.4
Check: installed package size
Result: NOTE
installed size is 5.1Mb
sub-directories of 1Mb or more:
libs 3.8Mb
Flavors: r-oldrel-macos-arm64, r-oldrel-macos-x86_64