CRAN Package Check Results for Package litterfitter

Last updated on 2025-10-11 00:50:30 CEST.

Flavor Version Tinstall Tcheck Ttotal Status Flags
r-devel-linux-x86_64-debian-clang 0.1.4 1.89 145.99 147.88 NOTE
r-devel-linux-x86_64-debian-gcc 0.1.4 1.71 81.03 82.74 NOTE
r-devel-linux-x86_64-fedora-clang 0.1.4 254.27 OK
r-devel-linux-x86_64-fedora-gcc 0.1.4 236.45 OK
r-devel-windows-x86_64 0.1.4 4.00 140.00 144.00 OK
r-patched-linux-x86_64 0.1.4 2.41 135.72 138.13 OK
r-release-linux-x86_64 0.1.4 2.07 137.98 140.05 OK
r-release-macos-arm64 0.1.4 58.00 OK
r-release-macos-x86_64 0.1.4 165.00 OK
r-release-windows-x86_64 0.1.4 4.00 138.00 142.00 OK
r-oldrel-macos-arm64 0.1.4 60.00 OK
r-oldrel-macos-x86_64 0.1.4 141.00 OK
r-oldrel-windows-x86_64 0.1.4 4.00 199.00 203.00 OK

Check Details

Version: 0.1.4
Check: CRAN incoming feasibility
Result: NOTE Maintainer: ‘Will Cornwell <wcornwell@gmail.com>’ Found the following (possibly) invalid file URI: URI: \doi%7B10.1111/2041-210X.12138%7D From: README.md Flavors: r-devel-linux-x86_64-debian-clang, r-devel-linux-x86_64-debian-gcc