CRAN Package Check Results for Package leaflet.providers

Last updated on 2025-07-04 22:49:29 CEST.

Flavor Version Tinstall Tcheck Ttotal Status Flags
r-devel-linux-x86_64-debian-clang 2.0.0 2.03 27.56 29.59 OK
r-devel-linux-x86_64-debian-gcc 2.0.0 1.59 22.47 24.06 OK
r-devel-linux-x86_64-fedora-clang 2.0.0 43.44 OK
r-devel-linux-x86_64-fedora-gcc 2.0.0 41.71 OK
r-devel-windows-x86_64 2.0.0 3.00 53.00 56.00 OK
r-patched-linux-x86_64 2.0.0 2.03 24.92 26.95 OK
r-release-linux-x86_64 2.0.0 1.66 24.94 26.60 OK
r-release-macos-arm64 2.0.0 21.00 OK
r-release-macos-x86_64 2.0.0 54.00 OK
r-release-windows-x86_64 2.0.0 4.00 52.00 56.00 OK
r-oldrel-macos-arm64 2.0.0 21.00 NOTE
r-oldrel-macos-x86_64 2.0.0 46.00 OK
r-oldrel-windows-x86_64 2.0.0 4.00 57.00 61.00 OK

Check Details

Version: 2.0.0
Check: package dependencies
Result: NOTE Package suggested but not available for checking: ‘V8’ Flavor: r-oldrel-macos-arm64