Last updated on 2025-07-04 22:49:28 CEST.
Flavor | Version | Tinstall | Tcheck | Ttotal | Status | Flags |
---|---|---|---|---|---|---|
r-devel-linux-x86_64-debian-clang | 1.1.1 | 36.90 | 29.12 | 66.02 | OK | |
r-devel-linux-x86_64-debian-gcc | 1.1.1 | 30.81 | 28.96 | 59.77 | OK | |
r-devel-linux-x86_64-fedora-clang | 1.1.1 | 100.52 | OK | |||
r-devel-linux-x86_64-fedora-gcc | 1.1.1 | 113.78 | OK | |||
r-devel-windows-x86_64 | 1.1.1 | 42.00 | 73.00 | 115.00 | OK | |
r-patched-linux-x86_64 | 1.1.1 | 46.49 | 33.96 | 80.45 | OK | |
r-release-linux-x86_64 | 1.1.1 | 43.27 | 34.05 | 77.32 | OK | |
r-release-macos-arm64 | 1.1.1 | 34.00 | OK | |||
r-release-macos-x86_64 | 1.1.1 | 68.00 | OK | |||
r-release-windows-x86_64 | 1.1.1 | 43.00 | 81.00 | 124.00 | OK | |
r-oldrel-macos-arm64 | 1.1.1 | 43.00 | NOTE | |||
r-oldrel-macos-x86_64 | 1.1.1 | 61.00 | NOTE | |||
r-oldrel-windows-x86_64 | 1.1.1 | 52.00 | 87.00 | 139.00 | OK |
Version: 1.1.1
Check: installed package size
Result: NOTE
installed size is 17.0Mb
sub-directories of 1Mb or more:
libs 16.8Mb
Flavors: r-oldrel-macos-arm64, r-oldrel-macos-x86_64