Last updated on 2025-07-04 07:49:31 CEST.
Flavor | Version | Tinstall | Tcheck | Ttotal | Status | Flags |
---|---|---|---|---|---|---|
r-devel-linux-x86_64-debian-clang | 1.2.2 | 41.54 | 32.47 | 74.01 | NOTE | |
r-devel-linux-x86_64-debian-gcc | 1.2.2 | 35.26 | 25.77 | 61.03 | NOTE | |
r-devel-linux-x86_64-fedora-clang | 1.2.2 | 130.39 | NOTE | |||
r-devel-linux-x86_64-fedora-gcc | 1.2.2 | 144.79 | NOTE | |||
r-devel-windows-x86_64 | 1.2.2 | 50.00 | 76.00 | 126.00 | NOTE | |
r-patched-linux-x86_64 | 1.2.2 | 46.80 | 29.55 | 76.35 | NOTE | |
r-release-linux-x86_64 | 1.2.2 | 43.84 | 29.37 | 73.21 | NOTE | |
r-release-macos-arm64 | 1.2.2 | 54.00 | NOTE | |||
r-release-macos-x86_64 | 1.2.2 | 79.00 | NOTE | |||
r-release-windows-x86_64 | 1.2.2 | 51.00 | 72.00 | 123.00 | NOTE | |
r-oldrel-macos-arm64 | 1.2.2 | 45.00 | NOTE | |||
r-oldrel-macos-x86_64 | 1.2.2 | 72.00 | NOTE | |||
r-oldrel-windows-x86_64 | 1.2.2 | 46.00 | 88.00 | 134.00 | NOTE |
Version: 1.2.2
Check: C++ specification
Result: NOTE
Specified C++11: please drop specification unless essential
Flavors: r-devel-linux-x86_64-debian-clang, r-devel-linux-x86_64-debian-gcc, r-devel-linux-x86_64-fedora-clang, r-devel-linux-x86_64-fedora-gcc, r-devel-windows-x86_64, r-patched-linux-x86_64, r-release-linux-x86_64, r-release-macos-arm64, r-release-macos-x86_64, r-release-windows-x86_64, r-oldrel-macos-arm64, r-oldrel-macos-x86_64, r-oldrel-windows-x86_64
Version: 1.2.2
Check: installed package size
Result: NOTE
installed size is 5.3Mb
sub-directories of 1Mb or more:
doc 1.2Mb
libs 3.9Mb
Flavors: r-oldrel-macos-arm64, r-oldrel-macos-x86_64