CRAN Package Check Results for Package jmuOutlier

Last updated on 2025-07-05 08:50:04 CEST.

Flavor Version Tinstall Tcheck Ttotal Status Flags
r-devel-linux-x86_64-debian-clang 2.2 3.41 40.45 43.86 NOTE
r-devel-linux-x86_64-debian-gcc 2.2 2.49 28.85 31.34 NOTE
r-devel-linux-x86_64-fedora-clang 2.2 68.36 OK
r-devel-linux-x86_64-fedora-gcc 2.2 65.50 OK
r-devel-windows-x86_64 2.2 4.00 73.00 77.00 OK
r-patched-linux-x86_64 2.2 3.80 38.04 41.84 OK
r-release-linux-x86_64 2.2 3.14 37.59 40.73 OK
r-release-macos-arm64 2.2 27.00 OK
r-release-macos-x86_64 2.2 59.00 OK
r-release-windows-x86_64 2.2 4.00 77.00 81.00 OK
r-oldrel-macos-arm64 2.2 26.00 OK
r-oldrel-macos-x86_64 2.2 52.00 OK
r-oldrel-windows-x86_64 2.2 5.00 81.00 86.00 OK

Check Details

Version: 2.2
Check: CRAN incoming feasibility
Result: NOTE Maintainer: ‘Steven T. Garren <GARRENST@JMU.EDU>’ No Authors@R field in DESCRIPTION. Please add one, modifying Authors@R: person(given = c("Steven", "T."), family = "Garren", role = c("aut", "cre"), email = "garrenst@jmu.edu") as necessary. Flavors: r-devel-linux-x86_64-debian-clang, r-devel-linux-x86_64-debian-gcc