Last updated on 2025-07-05 22:50:27 CEST.
Flavor | Version | Tinstall | Tcheck | Ttotal | Status | Flags |
---|---|---|---|---|---|---|
r-devel-linux-x86_64-debian-clang | 0.2.2 | 45.97 | 370.29 | 416.26 | OK | |
r-devel-linux-x86_64-debian-gcc | 0.2.2 | 31.42 | 248.28 | 279.70 | OK | |
r-devel-linux-x86_64-fedora-clang | 0.2.2 | 693.54 | OK | |||
r-devel-linux-x86_64-fedora-gcc | 0.2.2 | 322.91 | OK | |||
r-devel-windows-x86_64 | 0.2.2 | 37.00 | 297.00 | 334.00 | OK | |
r-patched-linux-x86_64 | 0.2.1 | 44.76 | 363.40 | 408.16 | NOTE | |
r-release-linux-x86_64 | 0.2.1 | 38.92 | 358.43 | 397.35 | NOTE | |
r-release-macos-arm64 | 0.2.1 | 188.00 | OK | |||
r-release-macos-x86_64 | 0.2.2 | 297.00 | OK | |||
r-release-windows-x86_64 | 0.2.2 | 41.00 | 292.00 | 333.00 | OK | |
r-oldrel-macos-arm64 | 0.2.1 | 150.00 | OK | |||
r-oldrel-macos-x86_64 | 0.2.2 | 293.00 | OK | |||
r-oldrel-windows-x86_64 | 0.2.2 | 54.00 | 406.00 | 460.00 | OK |
Version: 0.2.1
Check: Rd cross-references
Result: NOTE
Found the following Rd file(s) with Rd \link{} targets missing package
anchors:
cmcc_bioclim.Rd: sf, sfc
detect_envi_change.Rd: st_as_stars, read_stars, explain, geom_smooth
dim_reduce.Rd: sf, sfc
future_cmcc_bioclim.Rd: sf, sfc
future_worldclim2.Rd: sf, sfc
independent_response.Rd: st_as_stars, read_stars
isotree_po.Rd: isolation.forest, sf
mainland_africa.Rd: sf, sfc
marginal_response.Rd: st_as_stars, read_stars
plot.EnvironmentalOutlier.Rd: geom_sf
plot.ShapDependence.Rd: geom_smooth
shap_dependence.Rd: st_as_stars, read_stars, explain
shap_spatial_response.Rd: st_as_stars, read_stars, explain
spatial_response.Rd: st_as_stars, read_stars, explain
suspicious_env_outliers.Rd: outlier.tree, crs, sf
variable_analysis.Rd: st_as_stars, read_stars, explain
variable_contrib.Rd: explain
worldclim2.Rd: sf, sfc
Please provide package anchors for all Rd \link{} targets not in the
package itself and the base packages.
Flavors: r-patched-linux-x86_64, r-release-linux-x86_64