CRAN Package Check Results for Package irtGUI

Last updated on 2025-07-04 18:49:25 CEST.

Flavor Version Tinstall Tcheck Ttotal Status Flags
r-devel-linux-x86_64-debian-clang 0.2 11.82 90.91 102.73 NOTE
r-devel-linux-x86_64-debian-gcc 0.2 8.72 69.58 78.30 NOTE
r-devel-linux-x86_64-fedora-clang 0.2 164.34 OK
r-devel-linux-x86_64-fedora-gcc 0.2 139.38 OK
r-devel-windows-x86_64 0.2 14.00 94.00 108.00 OK
r-patched-linux-x86_64 0.2 12.88 87.98 100.86 OK
r-release-linux-x86_64 0.2 13.14 86.77 99.91 OK
r-release-macos-arm64 0.2 46.00 OK
r-release-macos-x86_64 0.2 86.00 OK
r-release-windows-x86_64 0.2 14.00 93.00 107.00 OK
r-oldrel-macos-arm64 0.2 39.00 NOTE
r-oldrel-macos-x86_64 0.2 61.00 NOTE
r-oldrel-windows-x86_64 0.2 18.00 119.00 137.00 NOTE

Check Details

Version: 0.2
Check: CRAN incoming feasibility
Result: NOTE Maintainer: ‘Huseyin Yildiz <huseyinyildiz35@gmail.com>’ No Authors@R field in DESCRIPTION. Please add one, modifying Authors@R: person(given = "Huseyin", family = "Yildiz", role = c("aut", "cre"), email = "huseyinyildiz35@gmail.com") as necessary. Flavors: r-devel-linux-x86_64-debian-clang, r-devel-linux-x86_64-debian-gcc

Version: 0.2
Check: LazyData
Result: NOTE 'LazyData' is specified without a 'data' directory Flavors: r-oldrel-macos-arm64, r-oldrel-macos-x86_64, r-oldrel-windows-x86_64