CRAN Package Check Results for Package ircor

Last updated on 2025-10-10 11:51:07 CEST.

Flavor Version Tinstall Tcheck Ttotal Status Flags
r-devel-linux-x86_64-debian-clang 1.0 1.70 20.34 22.04 OK
r-devel-linux-x86_64-debian-gcc 1.0 1.38 16.86 18.24 OK
r-devel-linux-x86_64-fedora-clang 1.0 31.46 OK
r-devel-linux-x86_64-fedora-gcc 1.0 30.53 OK
r-devel-windows-x86_64 1.0 5.00 38.00 43.00 OK
r-patched-linux-x86_64 1.0 1.44 19.28 20.72 OK
r-release-linux-x86_64 1.0 1.77 19.25 21.02 OK
r-release-macos-arm64 1.0 16.00 OK
r-release-macos-x86_64 1.0 24.00 OK
r-release-windows-x86_64 1.0 4.00 39.00 43.00 OK
r-oldrel-macos-arm64 1.0 14.00 NOTE
r-oldrel-macos-x86_64 1.0 20.00 NOTE
r-oldrel-windows-x86_64 1.0 4.00 44.00 48.00 NOTE

Check Details

Version: 1.0
Check: LazyData
Result: NOTE 'LazyData' is specified without a 'data' directory Flavors: r-oldrel-macos-arm64, r-oldrel-macos-x86_64, r-oldrel-windows-x86_64