Last updated on 2025-07-05 16:48:29 CEST.
Flavor | Version | Tinstall | Tcheck | Ttotal | Status | Flags |
---|---|---|---|---|---|---|
r-devel-linux-x86_64-debian-clang | 0.6.0 | 30.19 | 55.74 | 85.93 | OK | |
r-devel-linux-x86_64-debian-gcc | 0.6.0 | 23.07 | 44.79 | 67.86 | OK | |
r-devel-linux-x86_64-fedora-clang | 0.6.0 | 142.25 | OK | |||
r-devel-linux-x86_64-fedora-gcc | 0.6.0 | 145.63 | OK | |||
r-devel-windows-x86_64 | 0.6.0 | 36.00 | 96.00 | 132.00 | OK | |
r-patched-linux-x86_64 | 0.6.0 | 32.04 | 55.77 | 87.81 | OK | |
r-release-linux-x86_64 | 0.6.0 | 29.64 | 56.03 | 85.67 | OK | |
r-release-macos-arm64 | 0.6.0 | 67.00 | OK | |||
r-release-macos-x86_64 | 0.6.0 | 92.00 | OK | |||
r-release-windows-x86_64 | 0.6.0 | 32.00 | 101.00 | 133.00 | OK | |
r-oldrel-macos-arm64 | 0.6.0 | 56.00 | NOTE | |||
r-oldrel-macos-x86_64 | 0.6.0 | 96.00 | NOTE | |||
r-oldrel-windows-x86_64 | 0.6.0 | 41.00 | 117.00 | 158.00 | NOTE |
Version: 0.6.0
Check: installed package size
Result: NOTE
installed size is 18.3Mb
sub-directories of 1Mb or more:
doc 4.1Mb
libs 12.1Mb
Flavors: r-oldrel-macos-arm64, r-oldrel-macos-x86_64, r-oldrel-windows-x86_64