Last updated on 2025-07-05 15:50:03 CEST.
Flavor | Version | Tinstall | Tcheck | Ttotal | Status | Flags |
---|---|---|---|---|---|---|
r-devel-linux-x86_64-debian-clang | 1.3.4 | 17.91 | 129.30 | 147.21 | NOTE | |
r-devel-linux-x86_64-debian-gcc | 1.3.4 | 11.02 | 91.07 | 102.09 | NOTE | |
r-devel-linux-x86_64-fedora-clang | 1.3.4 | 239.16 | OK | |||
r-devel-linux-x86_64-fedora-gcc | 1.3.4 | 227.71 | OK | |||
r-devel-windows-x86_64 | 1.3.4 | 18.00 | 122.00 | 140.00 | NOTE | |
r-patched-linux-x86_64 | 1.3.4 | 16.61 | 122.14 | 138.75 | NOTE | |
r-release-linux-x86_64 | 1.3.4 | 14.18 | 121.86 | 136.04 | NOTE | |
r-release-macos-arm64 | 1.3.4 | 54.00 | OK | |||
r-release-macos-x86_64 | 1.3.4 | 109.00 | OK | |||
r-release-windows-x86_64 | 1.3.4 | 18.00 | 125.00 | 143.00 | NOTE | |
r-oldrel-macos-arm64 | 1.3.4 | 59.00 | OK | |||
r-oldrel-macos-x86_64 | 1.3.4 | 83.00 | OK | |||
r-oldrel-windows-x86_64 | 1.3.4 | 23.00 | 161.00 | 184.00 | OK |
Version: 1.3.4
Check: Rd cross-references
Result: NOTE
Found the following Rd file(s) with Rd \link{} targets missing package
anchors:
iNZightSummary.Rd: survey
Please provide package anchors for all Rd \link{} targets not in the
package itself and the base packages.
Flavors: r-devel-linux-x86_64-debian-clang, r-devel-linux-x86_64-debian-gcc, r-devel-windows-x86_64, r-patched-linux-x86_64, r-release-linux-x86_64, r-release-windows-x86_64