CRAN Package Check Results for Package hydropeak

Last updated on 2025-10-10 22:50:33 CEST.

Flavor Version Tinstall Tcheck Ttotal Status Flags
r-devel-linux-x86_64-debian-clang 0.1.2 2.05 33.03 35.08 NOTE
r-devel-linux-x86_64-debian-gcc 0.1.2 1.61 25.55 27.16 NOTE
r-devel-linux-x86_64-fedora-clang 0.1.2 55.30 OK
r-devel-linux-x86_64-fedora-gcc 0.1.2 62.89 OK
r-devel-windows-x86_64 0.1.2 3.00 52.00 55.00 OK
r-patched-linux-x86_64 0.1.2 2.24 31.44 33.68 OK
r-release-linux-x86_64 0.1.2 1.75 31.15 32.90 OK
r-release-macos-arm64 0.1.2 23.00 OK
r-release-macos-x86_64 0.1.2 46.00 OK
r-release-windows-x86_64 0.1.2 4.00 53.00 57.00 OK
r-oldrel-macos-arm64 0.1.2 22.00 OK
r-oldrel-macos-x86_64 0.1.2 36.00 OK
r-oldrel-windows-x86_64 0.1.2 4.00 60.00 64.00 OK

Check Details

Version: 0.1.2
Check: CRAN incoming feasibility
Result: NOTE Maintainer: ‘Bettina Grün <Bettina.Gruen@R-project.org>’ Package CITATION file contains call(s) to old-style personList() or as.personList(). Please use c() on person objects instead. Package CITATION file contains call(s) to old-style citEntry(). Please use bibentry() instead. Flavors: r-devel-linux-x86_64-debian-clang, r-devel-linux-x86_64-debian-gcc