CRAN Package Check Results for Package humanFormat

Last updated on 2025-07-09 23:48:48 CEST.

Flavor Version Tinstall Tcheck Ttotal Status Flags
r-devel-linux-x86_64-debian-clang 1.2 2.70 25.40 28.10 NOTE
r-devel-linux-x86_64-debian-gcc 1.2 1.97 20.67 22.64 NOTE
r-devel-linux-x86_64-fedora-clang 1.2 42.97 OK
r-devel-linux-x86_64-fedora-gcc 1.2 39.05 OK
r-devel-windows-x86_64 1.2 4.00 50.00 54.00 OK
r-patched-linux-x86_64 1.2 2.59 23.25 25.84 OK
r-release-linux-x86_64 1.2 2.48 23.75 26.23 OK
r-release-macos-arm64 1.2 26.00 OK
r-release-macos-x86_64 1.2 36.00 OK
r-release-windows-x86_64 1.2 3.00 51.00 54.00 OK
r-oldrel-macos-arm64 1.2 19.00 OK
r-oldrel-macos-x86_64 1.2 28.00 OK
r-oldrel-windows-x86_64 1.2 5.00 52.00 57.00 OK

Check Details

Version: 1.2
Check: CRAN incoming feasibility
Result: NOTE Maintainer: ‘Dustin Sallings <dustin@spy.net>’ No Authors@R field in DESCRIPTION. Please add one, modifying Authors@R: person(given = "Dustin", family = "Sallings", role = c("aut", "cre"), email = "dustin@spy.net") as necessary. Flavors: r-devel-linux-x86_64-debian-clang, r-devel-linux-x86_64-debian-gcc