CRAN Package Check Results for Package highlightHTML

Last updated on 2025-07-04 21:50:08 CEST.

Flavor Version Tinstall Tcheck Ttotal Status Flags
r-devel-linux-x86_64-debian-clang 0.2.5 1.83 27.36 29.19 NOTE
r-devel-linux-x86_64-debian-gcc 0.2.5 1.45 21.82 23.27 NOTE
r-devel-linux-x86_64-fedora-clang 0.2.5 41.58 OK
r-devel-linux-x86_64-fedora-gcc 0.2.5 54.87 OK
r-devel-windows-x86_64 0.2.5 3.00 47.00 50.00 OK
r-patched-linux-x86_64 0.2.5 1.78 24.60 26.38 OK
r-release-linux-x86_64 0.2.5 1.42 24.16 25.58 OK
r-release-macos-arm64 0.2.5 21.00 OK
r-release-macos-x86_64 0.2.5 38.00 OK
r-release-windows-x86_64 0.2.5 3.00 46.00 49.00 OK
r-oldrel-macos-arm64 0.2.5 21.00 OK
r-oldrel-macos-x86_64 0.2.5 32.00 OK
r-oldrel-windows-x86_64 0.2.5 3.00 52.00 55.00 OK

Check Details

Version: 0.2.5
Check: CRAN incoming feasibility
Result: NOTE Maintainer: ‘Brandon LeBeau <lebebr01+highlightHTML@gmail.com>’ Package CITATION file contains call(s) to old-style citEntry(). Please use bibentry() instead. Flavors: r-devel-linux-x86_64-debian-clang, r-devel-linux-x86_64-debian-gcc