CRAN Package Check Results for Package hierfstat

Last updated on 2025-07-17 22:51:08 CEST.

Flavor Version Tinstall Tcheck Ttotal Status Flags
r-devel-linux-x86_64-debian-clang 0.5-11 6.11 139.65 145.76 NOTE
r-devel-linux-x86_64-debian-gcc 0.5-11 4.40 98.35 102.75 NOTE
r-devel-linux-x86_64-fedora-clang 0.5-11 238.11 NOTE
r-devel-linux-x86_64-fedora-gcc 0.5-11 231.92 NOTE
r-devel-windows-x86_64 0.5-11 9.00 167.00 176.00 NOTE
r-patched-linux-x86_64 0.5-11 6.54 138.34 144.88 NOTE
r-release-linux-x86_64 0.5-11 4.82 137.91 142.73 NOTE
r-release-macos-arm64 0.5-11 85.00 NOTE
r-release-macos-x86_64 0.5-11 147.00 NOTE
r-release-windows-x86_64 0.5-11 10.00 162.00 172.00 NOTE
r-oldrel-macos-arm64 0.5-11 70.00 NOTE
r-oldrel-macos-x86_64 0.5-11 116.00 NOTE
r-oldrel-windows-x86_64 0.5-11 12.00 216.00 228.00 NOTE

Check Details

Version: 0.5-11
Check: Rd files
Result: NOTE checkRd: (-1) read.VCF.Rd:21: Lost braces 21 | Reads a \url{https://samtools.github.io/hts-specs/}{Variant Call Format (VCF)} file into a BED object, | ^ Flavors: r-devel-linux-x86_64-debian-clang, r-devel-linux-x86_64-debian-gcc, r-devel-linux-x86_64-fedora-clang, r-devel-linux-x86_64-fedora-gcc, r-devel-windows-x86_64, r-patched-linux-x86_64, r-release-linux-x86_64, r-release-macos-arm64, r-release-macos-x86_64, r-release-windows-x86_64, r-oldrel-macos-arm64, r-oldrel-macos-x86_64, r-oldrel-windows-x86_64