CRAN Package Check Results for Package hchinamap

Last updated on 2025-07-17 19:51:40 CEST.

Flavor Version Tinstall Tcheck Ttotal Status Flags
r-devel-linux-x86_64-debian-clang 0.1.0 2.02 28.83 30.85 OK
r-devel-linux-x86_64-debian-gcc 0.1.0 1.97 23.61 25.58 OK
r-devel-linux-x86_64-fedora-clang 0.1.0 46.49 OK
r-devel-linux-x86_64-fedora-gcc 0.1.0 59.32 OK
r-devel-windows-x86_64 0.1.0 8.00 49.00 57.00 OK
r-patched-linux-x86_64 0.1.0 2.31 27.17 29.48 OK
r-release-linux-x86_64 0.1.0 2.04 27.30 29.34 OK
r-release-macos-arm64 0.1.0 40.00 OK
r-release-macos-x86_64 0.1.0 48.00 OK
r-release-windows-x86_64 0.1.0 6.00 48.00 54.00 OK
r-oldrel-macos-arm64 0.1.0 27.00 NOTE
r-oldrel-macos-x86_64 0.1.0 41.00 NOTE
r-oldrel-windows-x86_64 0.1.0 7.00 55.00 62.00 NOTE

Check Details

Version: 0.1.0
Check: installed package size
Result: NOTE installed size is 5.5Mb sub-directories of 1Mb or more: doc 2.7Mb htmlwidgets 2.8Mb Flavors: r-oldrel-macos-arm64, r-oldrel-macos-x86_64, r-oldrel-windows-x86_64

Version: 0.1.0
Check: LazyData
Result: NOTE 'LazyData' is specified without a 'data' directory Flavors: r-oldrel-macos-arm64, r-oldrel-macos-x86_64, r-oldrel-windows-x86_64