CRAN Package Check Results for Package hagis

Last updated on 2025-07-05 22:50:26 CEST.

Flavor Version Tinstall Tcheck Ttotal Status Flags
r-devel-linux-x86_64-debian-clang 3.1.12 6.32 75.91 82.23 NOTE
r-devel-linux-x86_64-debian-gcc 3.1.12 4.47 56.28 60.75 NOTE
r-devel-linux-x86_64-fedora-clang 3.1.12 119.39 OK
r-devel-linux-x86_64-fedora-gcc 3.1.12 128.53 OK
r-devel-windows-x86_64 3.1.12 7.00 84.00 91.00 NOTE
r-patched-linux-x86_64 3.1.12 6.06 69.82 75.88 NOTE
r-release-linux-x86_64 3.1.12 5.09 69.46 74.55 NOTE
r-release-macos-arm64 3.1.12 58.00 OK
r-release-macos-x86_64 3.1.12 72.00 OK
r-release-windows-x86_64 3.1.12 8.00 83.00 91.00 NOTE
r-oldrel-macos-arm64 3.1.12 43.00 OK
r-oldrel-macos-x86_64 3.1.12 61.00 OK
r-oldrel-windows-x86_64 3.1.12 12.00 101.00 113.00 OK

Check Details

Version: 3.1.12
Check: Rd cross-references
Result: NOTE Found the following Rd file(s) with Rd \link{} targets missing package anchors: diversities_table.Rd: pander, pandoc.table individual_pathotypes.Rd: pander Please provide package anchors for all Rd \link{} targets not in the package itself and the base packages. Flavors: r-devel-linux-x86_64-debian-clang, r-devel-linux-x86_64-debian-gcc, r-devel-windows-x86_64, r-patched-linux-x86_64, r-release-linux-x86_64, r-release-windows-x86_64