Last updated on 2025-07-05 13:48:26 CEST.
Flavor | Version | Tinstall | Tcheck | Ttotal | Status | Flags |
---|---|---|---|---|---|---|
r-devel-linux-x86_64-debian-clang | 1.0.0 | 36.34 | 257.98 | 294.32 | OK | |
r-devel-linux-x86_64-debian-gcc | 1.0.0 | 20.43 | 165.49 | 185.92 | OK | |
r-devel-linux-x86_64-fedora-clang | 1.0.0 | 423.78 | OK | |||
r-devel-linux-x86_64-fedora-gcc | 1.0.0 | 404.57 | OK | |||
r-devel-windows-x86_64 | 1.0.0 | 36.00 | 272.00 | 308.00 | OK | |
r-patched-linux-x86_64 | 1.0.0 | 51.42 | 236.82 | 288.24 | OK | |
r-release-linux-x86_64 | 1.0.0 | 29.16 | 233.88 | 263.04 | OK | |
r-release-macos-arm64 | 1.0.0 | 103.00 | OK | |||
r-release-macos-x86_64 | 1.0.0 | 188.00 | OK | |||
r-release-windows-x86_64 | 1.0.0 | 37.00 | 267.00 | 304.00 | OK | |
r-oldrel-macos-arm64 | 1.0.0 | 96.00 | NOTE | |||
r-oldrel-macos-x86_64 | 1.0.0 | 231.00 | NOTE | |||
r-oldrel-windows-x86_64 | 1.0.0 | 53.00 | 322.00 | 375.00 | NOTE |
Version: 1.0.0
Check: installed package size
Result: NOTE
installed size is 7.1Mb
sub-directories of 1Mb or more:
R 2.8Mb
data 1.1Mb
help 1.8Mb
Flavors: r-oldrel-macos-arm64, r-oldrel-macos-x86_64, r-oldrel-windows-x86_64