Last updated on 2025-07-05 06:48:40 CEST.
Flavor | Version | Tinstall | Tcheck | Ttotal | Status | Flags |
---|---|---|---|---|---|---|
r-devel-linux-x86_64-debian-clang | 0.1.2 | 6.91 | 56.06 | 62.97 | OK | |
r-devel-linux-x86_64-debian-gcc | 0.1.2 | 3.99 | 40.25 | 44.24 | OK | |
r-devel-linux-x86_64-fedora-clang | 0.1.2 | 98.54 | OK | |||
r-devel-linux-x86_64-fedora-gcc | 0.1.2 | 91.72 | OK | |||
r-devel-windows-x86_64 | 0.1.2 | 8.00 | 70.00 | 78.00 | OK | |
r-patched-linux-x86_64 | 0.1.2 | 6.41 | 51.86 | 58.27 | OK | |
r-release-linux-x86_64 | 0.1.2 | 5.61 | 51.55 | 57.16 | OK | |
r-release-macos-arm64 | 0.1.2 | 30.00 | OK | |||
r-release-macos-x86_64 | 0.1.2 | 59.00 | OK | |||
r-release-windows-x86_64 | 0.1.2 | 8.00 | 68.00 | 76.00 | OK | |
r-oldrel-macos-arm64 | 0.1.2 | 31.00 | NOTE | |||
r-oldrel-macos-x86_64 | 0.1.2 | 45.00 | NOTE | |||
r-oldrel-windows-x86_64 | 0.1.2 | 10.00 | 84.00 | 94.00 | NOTE |
Version: 0.1.2
Check: LazyData
Result: NOTE
'LazyData' is specified without a 'data' directory
Flavors: r-oldrel-macos-arm64, r-oldrel-macos-x86_64, r-oldrel-windows-x86_64