Last updated on 2025-07-17 08:50:00 CEST.
Flavor | Version | Tinstall | Tcheck | Ttotal | Status | Flags |
---|---|---|---|---|---|---|
r-devel-linux-x86_64-debian-clang | 5.0.0.1 | 18.10 | 178.05 | 196.15 | OK | |
r-devel-linux-x86_64-debian-gcc | 5.0.0.1 | 11.76 | 122.10 | 133.86 | OK | |
r-devel-linux-x86_64-fedora-clang | 5.0.0.1 | 295.05 | OK | |||
r-devel-linux-x86_64-fedora-gcc | 5.0.0.1 | 309.53 | OK | |||
r-devel-windows-x86_64 | 5.0.0.1 | 19.00 | 180.00 | 199.00 | OK | |
r-patched-linux-x86_64 | 5.0.0.1 | 18.54 | 166.81 | 185.35 | OK | |
r-release-linux-x86_64 | 5.0.0.1 | 15.48 | 166.38 | 181.86 | OK | |
r-release-macos-arm64 | 5.0.0.1 | 72.00 | OK | |||
r-release-macos-x86_64 | 5.0.0.1 | 121.00 | OK | |||
r-release-windows-x86_64 | 5.0.0.1 | 19.00 | 183.00 | 202.00 | OK | |
r-oldrel-macos-arm64 | 5.0.0.1 | 73.00 | NOTE | |||
r-oldrel-macos-x86_64 | 5.0.0.1 | 118.00 | NOTE | |||
r-oldrel-windows-x86_64 | 5.0.0.1 | 26.00 | 235.00 | 261.00 | NOTE |
Version: 5.0.0.1
Check: installed package size
Result: NOTE
installed size is 5.5Mb
sub-directories of 1Mb or more:
help 5.2Mb
Flavors: r-oldrel-macos-arm64, r-oldrel-macos-x86_64, r-oldrel-windows-x86_64