CRAN Package Check Results for Package googledrive

Last updated on 2025-07-04 00:50:04 CEST.

Flavor Version Tinstall Tcheck Ttotal Status Flags
r-devel-linux-x86_64-debian-clang 2.1.1 6.51 75.43 81.94 NOTE
r-devel-linux-x86_64-debian-gcc 2.1.1 4.78 51.74 56.52 NOTE
r-devel-linux-x86_64-fedora-clang 2.1.1 119.32 OK
r-devel-linux-x86_64-fedora-gcc 2.1.1 122.02 OK
r-devel-windows-x86_64 2.1.1 8.00 96.00 104.00 NOTE
r-patched-linux-x86_64 2.1.1 8.58 67.61 76.19 NOTE
r-release-linux-x86_64 2.1.1 5.75 66.31 72.06 NOTE
r-release-macos-arm64 2.1.1 66.00 OK
r-release-macos-x86_64 2.1.1 103.00 OK
r-release-windows-x86_64 2.1.1 10.00 97.00 107.00 NOTE
r-oldrel-macos-arm64 2.1.1 44.00 OK
r-oldrel-macos-x86_64 2.1.1 72.00 OK
r-oldrel-windows-x86_64 2.1.1 12.00 111.00 123.00 OK

Check Details

Version: 2.1.1
Check: Rd cross-references
Result: NOTE Found the following Rd file(s) with Rd \link{} targets missing package anchors: request_make.Rd: httr Please provide package anchors for all Rd \link{} targets not in the package itself and the base packages. Flavors: r-devel-linux-x86_64-debian-clang, r-devel-linux-x86_64-debian-gcc, r-devel-windows-x86_64, r-patched-linux-x86_64, r-release-linux-x86_64, r-release-windows-x86_64