Last updated on 2025-07-04 07:49:29 CEST.
Flavor | Version | Tinstall | Tcheck | Ttotal | Status | Flags |
---|---|---|---|---|---|---|
r-devel-linux-x86_64-debian-clang | 0.7.0 | 5.28 | 44.96 | 50.24 | NOTE | |
r-devel-linux-x86_64-debian-gcc | 0.7.0 | 3.51 | 33.53 | 37.04 | NOTE | |
r-devel-linux-x86_64-fedora-clang | 0.7.0 | 77.90 | OK | |||
r-devel-linux-x86_64-fedora-gcc | 0.7.0 | 85.90 | OK | |||
r-devel-windows-x86_64 | 0.7.0 | 6.00 | 70.00 | 76.00 | OK | |
r-patched-linux-x86_64 | 0.7.0 | 5.45 | 42.07 | 47.52 | OK | |
r-release-linux-x86_64 | 0.7.0 | 4.16 | 41.62 | 45.78 | OK | |
r-release-macos-arm64 | 0.7.0 | 41.00 | OK | |||
r-release-macos-x86_64 | 0.7.0 | 65.00 | OK | |||
r-release-windows-x86_64 | 0.7.0 | 6.00 | 70.00 | 76.00 | OK | |
r-oldrel-macos-arm64 | 0.7.0 | 31.00 | OK | |||
r-oldrel-macos-x86_64 | 0.7.0 | 50.00 | OK | |||
r-oldrel-windows-x86_64 | 0.7.0 | 8.00 | 80.00 | 88.00 | OK |
Version: 0.7.0
Check: CRAN incoming feasibility
Result: NOTE
Maintainer: ‘Mark Edmondson <r@sunholo.com>’
Package CITATION file contains call(s) to old-style personList() or
as.personList(). Please use c() on person objects instead.
Package CITATION file contains call(s) to old-style citEntry(). Please
use bibentry() instead.
Flavors: r-devel-linux-x86_64-debian-clang, r-devel-linux-x86_64-debian-gcc