Last updated on 2025-07-05 19:50:35 CEST.
Flavor | Version | Tinstall | Tcheck | Ttotal | Status | Flags |
---|---|---|---|---|---|---|
r-devel-linux-x86_64-debian-clang | 0.4.5 | 64.69 | 108.47 | 173.16 | OK | |
r-devel-linux-x86_64-debian-gcc | 0.4.5 | 47.58 | 76.34 | 123.92 | OK | |
r-devel-linux-x86_64-fedora-clang | 0.4.5 | 279.75 | OK | |||
r-devel-linux-x86_64-fedora-gcc | 0.4.5 | 265.61 | OK | |||
r-devel-windows-x86_64 | 0.4.5 | 70.00 | 138.00 | 208.00 | OK | |
r-patched-linux-x86_64 | 0.4.5 | 69.86 | 102.11 | 171.97 | OK | |
r-release-linux-x86_64 | 0.4.5 | 67.53 | 100.91 | 168.44 | OK | |
r-release-macos-arm64 | 0.4.5 | 81.00 | OK | |||
r-release-macos-x86_64 | 0.4.5 | 145.00 | OK | |||
r-release-windows-x86_64 | 0.4.5 | 72.00 | 148.00 | 220.00 | OK | |
r-oldrel-macos-arm64 | 0.4.5 | 74.00 | NOTE | |||
r-oldrel-macos-x86_64 | 0.4.5 | 131.00 | NOTE | |||
r-oldrel-windows-x86_64 | 0.4.5 | 88.00 | 185.00 | 273.00 | OK |
Version: 0.4.5
Check: installed package size
Result: NOTE
installed size is 7.4Mb
sub-directories of 1Mb or more:
libs 6.9Mb
Flavors: r-oldrel-macos-arm64, r-oldrel-macos-x86_64