Last updated on 2025-10-10 09:50:31 CEST.
Flavor | Version | Tinstall | Tcheck | Ttotal | Status | Flags |
---|---|---|---|---|---|---|
r-devel-linux-x86_64-debian-clang | 0.13.0 | 26.54 | 75.56 | 102.10 | OK | |
r-devel-linux-x86_64-debian-gcc | 0.13.0 | 20.15 | 55.12 | 75.27 | OK | |
r-devel-linux-x86_64-fedora-clang | 0.13.0 | 169.09 | OK | |||
r-devel-linux-x86_64-fedora-gcc | 0.13.0 | 172.24 | OK | |||
r-devel-windows-x86_64 | 0.13.0 | 35.00 | 114.00 | 149.00 | OK | |
r-patched-linux-x86_64 | 0.13.0 | 29.61 | 71.54 | 101.15 | OK | |
r-release-linux-x86_64 | 0.13.0 | 27.63 | 70.54 | 98.17 | OK | |
r-release-macos-arm64 | 0.13.0 | 64.00 | OK | |||
r-release-macos-x86_64 | 0.13.0 | 115.00 | OK | |||
r-release-windows-x86_64 | 0.13.0 | 34.00 | 111.00 | 145.00 | OK | |
r-oldrel-macos-arm64 | 0.13.0 | 37.00 | NOTE | |||
r-oldrel-macos-x86_64 | 0.13.0 | 72.00 | NOTE | |||
r-oldrel-windows-x86_64 | 0.13.0 | 40.00 | 137.00 | 177.00 | OK |
Version: 0.13.0
Check: installed package size
Result: NOTE
installed size is 11.5Mb
sub-directories of 1Mb or more:
doc 1.3Mb
libs 9.9Mb
Flavors: r-oldrel-macos-arm64, r-oldrel-macos-x86_64