Last updated on 2025-10-09 10:51:22 CEST.
Flavor | Version | Tinstall | Tcheck | Ttotal | Status | Flags |
---|---|---|---|---|---|---|
r-devel-linux-x86_64-debian-clang | 4.3-0 | 10.88 | 151.22 | 162.10 | NOTE | |
r-devel-linux-x86_64-debian-gcc | 4.3-0 | 7.14 | 103.40 | 110.54 | NOTE | |
r-devel-linux-x86_64-fedora-clang | 4.3-0 | 253.03 | OK | |||
r-devel-linux-x86_64-fedora-gcc | 4.3-0 | 251.72 | OK | |||
r-devel-windows-x86_64 | 4.3-0 | 13.00 | 160.00 | 173.00 | OK | |
r-patched-linux-x86_64 | 4.3-0 | 10.96 | 140.85 | 151.81 | OK | |
r-release-linux-x86_64 | 4.3-0 | 11.40 | 142.99 | 154.39 | OK | |
r-release-macos-arm64 | 4.3-0 | 87.00 | OK | |||
r-release-macos-x86_64 | 4.3-0 | 160.00 | OK | |||
r-release-windows-x86_64 | 4.3-0 | 13.00 | 156.00 | 169.00 | OK | |
r-oldrel-macos-arm64 | 4.3-0 | 77.00 | OK | |||
r-oldrel-macos-x86_64 | 4.3-0 | 121.00 | OK | |||
r-oldrel-windows-x86_64 | 4.3-0 | 18.00 | 202.00 | 220.00 | OK |
Version: 4.3-0
Check: CRAN incoming feasibility
Result: NOTE
Maintainer: ‘Benjamin E. Schlegel <kontakt@benjaminschlegel.ch>’
No Authors@R field in DESCRIPTION.
Please add one, modifying
Authors@R: person(given = c("Benjamin", "E."),
family = "Schlegel",
role = c("aut", "cre"),
email = "kontakt@benjaminschlegel.ch")
as necessary.
Flavors: r-devel-linux-x86_64-debian-clang, r-devel-linux-x86_64-debian-gcc