Last updated on 2025-10-08 20:49:24 CEST.
Flavor | Version | Tinstall | Tcheck | Ttotal | Status | Flags |
---|---|---|---|---|---|---|
r-devel-linux-x86_64-debian-clang | 0.8.7 | 11.98 | 195.73 | 207.71 | ERROR | |
r-devel-linux-x86_64-debian-gcc | 0.8.8 | 8.68 | 164.28 | 172.96 | OK | |
r-devel-linux-x86_64-fedora-clang | 0.8.7 | 340.54 | ERROR | |||
r-devel-linux-x86_64-fedora-gcc | 0.8.8 | 279.20 | OK | |||
r-devel-windows-x86_64 | 0.8.7 | 15.00 | 219.00 | 234.00 | OK | |
r-patched-linux-x86_64 | 0.8.7 | 11.40 | 182.34 | 193.74 | ERROR | |
r-release-linux-x86_64 | 0.8.7 | 12.93 | 183.72 | 196.65 | ERROR | |
r-release-macos-arm64 | 0.8.8 | 105.00 | OK | |||
r-release-macos-x86_64 | 0.8.8 | 255.00 | OK | |||
r-release-windows-x86_64 | 0.8.7 | 16.00 | 269.00 | 285.00 | OK | |
r-oldrel-macos-arm64 | 0.8.8 | 106.00 | OK | |||
r-oldrel-macos-x86_64 | 0.8.8 | 255.00 | OK | |||
r-oldrel-windows-x86_64 | 0.8.7 | 18.00 | 327.00 | 345.00 | OK |
Version: 0.8.7
Check: re-building of vignette outputs
Result: ERROR
Error(s) in re-building vignettes:
...
--- re-building ‘ggseqplot.Rmd’ using rmarkdown
Quitting from ggseqplot.Rmd:19-38 [prelude]
~~~~~~~~~~~~~~~~~~~~~~~~~~~~~~~~~~~~~~~~~~~~~~~~~~~~~~~~~~~~~~~~~~~~~~~~~~~~~~~~
<error/rlang_error>
Error in `FUN()`:
! there is no package called 'hrbrthemes'
---
Backtrace:
▆
1. └─base::lapply(pkgs, library, character.only = TRUE)
2. └─base (local) FUN(X[[i]], ...)
~~~~~~~~~~~~~~~~~~~~~~~~~~~~~~~~~~~~~~~~~~~~~~~~~~~~~~~~~~~~~~~~~~~~~~~~~~~~~~~~
Error: processing vignette 'ggseqplot.Rmd' failed with diagnostics:
there is no package called 'hrbrthemes'
--- failed re-building ‘ggseqplot.Rmd’
SUMMARY: processing the following file failed:
‘ggseqplot.Rmd’
Error: Vignette re-building failed.
Execution halted
Flavors: r-devel-linux-x86_64-debian-clang, r-patched-linux-x86_64, r-release-linux-x86_64
Version: 0.8.7
Check: re-building of vignette outputs
Result: ERROR
Error(s) in re-building vignettes:
--- re-building ‘ggseqplot.Rmd’ using rmarkdown
Quitting from ggseqplot.Rmd:19-38 [prelude]
~~~~~~~~~~~~~~~~~~~~~~~~~~~~~~~~~~~~~~~~~~~~~~~~~~~~~~~~~~~~~~~~~~~~~~~~~~~~~~~~
<error/rlang_error>
Error in `FUN()`:
! there is no package called 'hrbrthemes'
---
Backtrace:
▆
1. └─base::lapply(pkgs, library, character.only = TRUE)
2. └─base (local) FUN(X[[i]], ...)
~~~~~~~~~~~~~~~~~~~~~~~~~~~~~~~~~~~~~~~~~~~~~~~~~~~~~~~~~~~~~~~~~~~~~~~~~~~~~~~~
Error: processing vignette 'ggseqplot.Rmd' failed with diagnostics:
there is no package called 'hrbrthemes'
--- failed re-building ‘ggseqplot.Rmd’
SUMMARY: processing the following file failed:
‘ggseqplot.Rmd’
Error: Vignette re-building failed.
Execution halted
Flavor: r-devel-linux-x86_64-fedora-clang