CRAN Package Check Results for Package ggmRSCU

Last updated on 2025-07-04 22:49:26 CEST.

Flavor Version Tinstall Tcheck Ttotal Status Flags
r-devel-linux-x86_64-debian-clang 0.1.0 4.93 45.23 50.16 OK
r-devel-linux-x86_64-debian-gcc 0.1.0 3.60 32.22 35.82 OK
r-devel-linux-x86_64-fedora-clang 0.1.0 77.02 OK
r-devel-linux-x86_64-fedora-gcc 0.1.0 42.63 OK
r-devel-windows-x86_64 0.1.0 7.00 66.00 73.00 OK
r-patched-linux-x86_64 0.1.0 5.46 42.65 48.11 OK
r-release-linux-x86_64 0.1.0 4.40 42.51 46.91 OK
r-release-macos-x86_64 0.1.0 50.00 OK
r-release-windows-x86_64 0.1.0 9.00 0.00 9.00 FAIL
r-oldrel-macos-x86_64 0.1.0 48.00 OK
r-oldrel-windows-x86_64 0.1.0 8.00 77.00 85.00 OK

Check Details

Version: 0.1.0
Check: PDF version of manual
Result: FAIL Check process probably crashed or hung up for 20 minutes ... killed Most likely this happened in the example checks (?), if not, ignore the following last lines of example output: > # Using example data > example_dir <- system.file("extdata", "phy", package = "ggmRSCU") > result <- read_phy(example_dir) > head(result) AA Codon Fill Species RSCU 1 Phe UUU 1 MK693137.1_RSCU_stack 1.73 2 Phe UUC 2 MK693137.1_RSCU_stack 0.27 3 Leu2 UUA 1 MK693137.1_RSCU_stack 4.27 4 Leu2 UUG 2 MK693137.1_RSCU_stack 0.41 5 Leu1 CUU 1 MK693137.1_RSCU_stack 0.66 6 Leu1 CUC 2 MK693137.1_RSCU_stack 0.06 > > > > > ### * <FOOTER> > ### > cleanEx() > options(digits = 7L) > base::cat("Time elapsed: ", proc.time() - base::get("ptime", pos = 'CheckExEnv'),"\n") Time elapsed: 5.1 0.25 5.35 NA NA > grDevices::dev.off() null device 1 > ### > ### Local variables: *** > ### mode: outline-minor *** > ### outline-regexp: "\\(> \\)?### [*]+" *** > ### End: *** > quit('no') ======== End of example output (where/before crash/hang up occured ?) ======== Flavor: r-release-windows-x86_64