CRAN Package Check Results for Package ggfigdone

Last updated on 2025-07-04 14:49:29 CEST.

Flavor Version Tinstall Tcheck Ttotal Status Flags
r-devel-linux-x86_64-debian-clang 0.1.2 6.08 53.66 59.74 NOTE
r-devel-linux-x86_64-debian-gcc 0.1.2 3.93 37.33 41.26 NOTE
r-devel-linux-x86_64-fedora-clang 0.1.2 86.78 NOTE
r-devel-linux-x86_64-fedora-gcc 0.1.2 81.71 NOTE
r-devel-windows-x86_64 0.1.2 8.00 63.00 71.00 NOTE
r-patched-linux-x86_64 0.1.2 5.50 46.87 52.37 NOTE
r-release-linux-x86_64 0.1.2 5.69 47.35 53.04 NOTE
r-release-macos-arm64 0.1.2 27.00 NOTE
r-release-macos-x86_64 0.1.2 45.00 NOTE
r-release-windows-x86_64 0.1.2 10.00 64.00 74.00 NOTE
r-oldrel-macos-arm64 0.1.2 29.00 OK
r-oldrel-macos-x86_64 0.1.2 49.00 OK
r-oldrel-windows-x86_64 0.1.2 13.00 78.00 91.00 OK

Check Details

Version: 0.1.2
Check: DESCRIPTION meta-information
Result: NOTE Missing dependency on R >= 4.1.0 because package code uses the pipe |> or function shorthand \(...) syntax added in R 4.1.0. File(s) using such syntax: ‘lib.R’ Flavors: r-devel-linux-x86_64-debian-clang, r-devel-linux-x86_64-debian-gcc, r-devel-linux-x86_64-fedora-clang, r-devel-linux-x86_64-fedora-gcc, r-devel-windows-x86_64, r-patched-linux-x86_64, r-release-linux-x86_64, r-release-macos-arm64, r-release-macos-x86_64, r-release-windows-x86_64