Last updated on 2025-07-04 07:49:28 CEST.
Flavor | Version | Tinstall | Tcheck | Ttotal | Status | Flags |
---|---|---|---|---|---|---|
r-devel-linux-x86_64-debian-clang | 0.3.0 | 13.37 | 111.23 | 124.60 | NOTE | |
r-devel-linux-x86_64-debian-gcc | 0.3.0 | 10.57 | 78.35 | 88.92 | NOTE | |
r-devel-linux-x86_64-fedora-clang | 0.3.0 | 185.99 | OK | |||
r-devel-linux-x86_64-fedora-gcc | 0.3.0 | 175.22 | OK | |||
r-devel-windows-x86_64 | 0.3.0 | 14.00 | 105.00 | 119.00 | OK | |
r-patched-linux-x86_64 | 0.3.0 | 14.00 | 102.60 | 116.60 | OK | |
r-release-linux-x86_64 | 0.3.0 | 12.17 | 103.57 | 115.74 | OK | |
r-release-macos-arm64 | 0.3.0 | 53.00 | OK | |||
r-release-macos-x86_64 | 0.3.0 | 113.00 | OK | |||
r-release-windows-x86_64 | 0.3.0 | 16.00 | 108.00 | 124.00 | OK | |
r-oldrel-macos-arm64 | 0.3.0 | 53.00 | OK | |||
r-oldrel-macos-x86_64 | 0.3.0 | 123.00 | OK | |||
r-oldrel-windows-x86_64 | 0.3.0 | 21.00 | 142.00 | 163.00 | OK |
Version: 0.3.0
Check: DESCRIPTION meta-information
Result: NOTE
Author field differs from that derived from Authors@R
Author: ‘Mikko Vihtakari [aut, cre] (Institute of Marine Research, <https://orcid.org/0000-0003-0371-4319>)’
Authors@R: ‘Mikko Vihtakari [aut, cre] (affiliation: Institute of Marine Research, ORCID: <https://orcid.org/0000-0003-0371-4319>)’
Flavors: r-devel-linux-x86_64-debian-clang, r-devel-linux-x86_64-debian-gcc