Last updated on 2025-10-12 11:50:08 CEST.
Flavor | Version | Tinstall | Tcheck | Ttotal | Status | Flags |
---|---|---|---|---|---|---|
r-devel-linux-x86_64-debian-clang | 1.0.0 | 7.26 | 61.30 | 68.56 | OK | |
r-devel-linux-x86_64-debian-gcc | 1.0.0 | 4.89 | 45.38 | 50.27 | OK | |
r-devel-linux-x86_64-fedora-clang | 1.0.0 | 102.80 | OK | |||
r-devel-linux-x86_64-fedora-gcc | 1.0.0 | 95.79 | OK | |||
r-devel-windows-x86_64 | 1.0.0 | 8.00 | 69.00 | 77.00 | OK | |
r-patched-linux-x86_64 | 1.0.0 | 6.34 | 58.00 | 64.34 | OK | |
r-release-linux-x86_64 | 1.0.0 | 5.73 | 58.60 | 64.33 | OK | |
r-release-macos-arm64 | 1.0.0 | 38.00 | OK | |||
r-release-macos-x86_64 | 1.0.0 | 98.00 | OK | |||
r-release-windows-x86_64 | 1.0.0 | 8.00 | 70.00 | 78.00 | OK | |
r-oldrel-macos-arm64 | 1.0.0 | 33.00 | NOTE | |||
r-oldrel-macos-x86_64 | 1.0.0 | 53.00 | NOTE | |||
r-oldrel-windows-x86_64 | 1.0.0 | 10.00 | 88.00 | 98.00 | NOTE |
Version: 1.0.0
Check: LazyData
Result: NOTE
'LazyData' is specified without a 'data' directory
Flavors: r-oldrel-macos-arm64, r-oldrel-macos-x86_64, r-oldrel-windows-x86_64