Last updated on 2025-07-04 18:49:23 CEST.
Flavor | Version | Tinstall | Tcheck | Ttotal | Status | Flags |
---|---|---|---|---|---|---|
r-devel-linux-x86_64-debian-clang | 1.0.2 | 1.64 | 19.28 | 20.92 | NOTE | |
r-devel-linux-x86_64-debian-gcc | 1.0.2 | 1.35 | 16.58 | 17.93 | NOTE | |
r-devel-linux-x86_64-fedora-clang | 1.0.2 | 32.13 | OK | |||
r-devel-linux-x86_64-fedora-gcc | 1.0.2 | 32.49 | OK | |||
r-devel-windows-x86_64 | 1.0.2 | 3.00 | 42.00 | 45.00 | OK | |
r-patched-linux-x86_64 | 1.0.2 | 1.76 | 18.09 | 19.85 | OK | |
r-release-linux-x86_64 | 1.0.2 | 1.56 | 18.35 | 19.91 | OK | |
r-release-macos-arm64 | 1.0.2 | 17.00 | OK | |||
r-release-macos-x86_64 | 1.0.2 | 24.00 | OK | |||
r-release-windows-x86_64 | 1.0.2 | 3.00 | 42.00 | 45.00 | OK | |
r-oldrel-macos-arm64 | 1.0.2 | 14.00 | OK | |||
r-oldrel-macos-x86_64 | 1.0.2 | 23.00 | OK | |||
r-oldrel-windows-x86_64 | 1.0.2 | 2.00 | 45.00 | 47.00 | OK |
Version: 1.0.2
Check: CRAN incoming feasibility
Result: NOTE
Maintainer: ‘Helgem de Souza Ribeiro Martins <helgem.souza@gmail.com>’
No Authors@R field in DESCRIPTION.
Please add one, modifying
Authors@R: c(person(given = c("Helgem", "de", "Souza", "Ribeiro"),
family = "Martins",
role = c("aut", "cre"),
email = "helgem.souza@gmail.com"),
person(given = c("Anderson", "Ribeiro"),
family = "Duarte",
role = "aut"))
as necessary.
Flavors: r-devel-linux-x86_64-debian-clang, r-devel-linux-x86_64-debian-gcc