Last updated on 2025-07-06 09:50:01 CEST.
Flavor | Version | Tinstall | Tcheck | Ttotal | Status | Flags |
---|---|---|---|---|---|---|
r-devel-linux-x86_64-debian-clang | 0.3.4 | 16.18 | 131.57 | 147.75 | NOTE | |
r-devel-linux-x86_64-debian-gcc | 0.3.4 | 11.91 | 101.56 | 113.47 | NOTE | |
r-devel-linux-x86_64-fedora-clang | 0.3.4 | 240.63 | OK | |||
r-devel-linux-x86_64-fedora-gcc | 0.3.4 | 235.24 | OK | |||
r-devel-windows-x86_64 | 0.3.4 | 20.00 | 185.00 | 205.00 | OK | |
r-patched-linux-x86_64 | 0.3.4 | 17.51 | 125.54 | 143.05 | OK | |
r-release-linux-x86_64 | 0.3.4 | 15.16 | 126.37 | 141.53 | OK | |
r-release-macos-arm64 | 0.3.4 | 73.00 | OK | |||
r-release-macos-x86_64 | 0.3.4 | 138.00 | OK | |||
r-release-windows-x86_64 | 0.3.4 | 22.00 | 185.00 | 207.00 | OK | |
r-oldrel-macos-arm64 | 0.3.4 | 67.00 | OK | |||
r-oldrel-macos-x86_64 | 0.3.4 | 96.00 | OK | |||
r-oldrel-windows-x86_64 | 0.3.4 | 26.00 | 224.00 | 250.00 | OK |
Version: 0.3.4
Check: CRAN incoming feasibility
Result: NOTE
Maintainer: ‘Joshua French <joshua.french@ucdenver.edu>’
No Authors@R field in DESCRIPTION.
Please add one, modifying
Authors@R: person(given = "Joshua",
family = "French",
role = c("aut", "cre"),
email = "joshua.french@ucdenver.edu")
as necessary.
Flavors: r-devel-linux-x86_64-debian-clang, r-devel-linux-x86_64-debian-gcc